 by 39.
0
What is the remainder when 4065997 is divided by 699?
613
What is the remainder when 88883 is divided by 2402?
9
Calculate the remainder when 290476 is divided by 297.
10
Calculate the remainder when 61471486 is divided by 6157.
6155
Calculate the remainder when 210355 is divided by 353.
320
What is the remainder when 1031151 is divided by 1031113?
38
What is the remainder when 7825985 is divided by 777?
41
What is the remainder when 24250544 is divided by 351457?
11
Calculate the remainder when 320219 is divided by 31028.
9939
Calculate the remainder when 1730035 is divided by 14.
13
Calculate the remainder when 7509393 is divided by 703.
650
Calculate the remainder when 126689 is divided by 17842.
1795
Calculate the remainder when 2837355 is divided by 226.
151
What is the remainder when 8958010 is divided by 329?
327
What is the remainder when 68961483 is divided by 4?
3
What is the remainder when 1739990 is divided by 579987?
29
Calculate the remainder when 108187 is divided by 4333.
4195
Calculate the remainder when 301550 is divided by 233.
48
What is the remainder when 681808 is divided by 42568?
720
What is the remainder when 746147 is divided by 29688?
3947
Calculate the remainder when 157806 is divided by 196.
26
What is the remainder when 442880176 is divided by 13?
11
Calculate the remainder when 423139 is divided by 28209.
4
What is the remainder when 60982 is divided by 916?
526
What is the remainder when 196211 is divided by 196198?
13
What is the remainder when 103702 is divided by 176?
38
What is the remainder when 186141 is divided by 36951?
1386
Calculate the remainder when 11754145 is divided by 3407.
3402
What is the remainder when 548195271 is divided by 2767?
2765
Calculate the remainder when 1706717 is divided by 3393.
38
Calculate the remainder when 169191514 is divided by 84595753.
8
What is the remainder when 7318759 is divided by 9?
4
What is the remainder when 15882938 is divided by 15882911?
27
Calculate the remainder when 4206521 is divided by 403.
7
Calculate the remainder when 7915695 is divided by 100.
95
What is the remainder when 396479 is divided by 338?
5
What is the remainder when 292213 is divided by 146087?
39
What is the remainder when 2011815 is divided by 30027?
6
What is the remainder when 1232075 is divided by 11199?
185
What is the remainder when 145992 is divided by 48655?
27
Calculate the remainder when 44786 is divided by 5595.
26
What is the remainder when 308410 is divided by 271?
12
What is the remainder when 176365 is divided by 4505?
670
Calculate the remainder when 29732 is divided by 6687.
2984
What is the remainder when 5638262 is divided by 9944?
14
Calculate the remainder when 536250 is divided by 178685.
195
What is the remainder when 559912 is divided by 69569?
3360
What is the remainder when 261161 is divided by 130563?
35
What is the remainder when 8353 is divided by 2647?
412
What is the remainder when 44087277 is divided by 361371?
15
What is the remainder when 43327 is divided by 5819?
2594
What is the remainder when 5941066 is divided by 428?
426
Calculate the remainder when 20869617 is divided by 1290.
1287
What is the remainder when 2909531 is divided by 992?
987
What is the remainder when 6306839 is divided by 360?
359
What is the remainder when 564624 is divided by 1344?
144
What is the remainder when 852531 is divided by 956?
735
Calculate the remainder when 395948 is divided by 393264.
2684
What is the remainder when 325387 is divided by 60?
7
Calculate the remainder when 266298 is divided by 102.
78
What is the remainder when 1015676 is divided by 4791?
4775
What is the remainder when 340386697 is divided by 100?
97
Calculate the remainder when 542736 is divided by 77526.
54
What is the remainder when 14046 is divided by 6675?
696
Calculate the remainder when 2230970 is divided by 208.
170
Calculate the remainder when 10443982 is divided by 10443971.
11
What is the remainder when 4580413 is divided by 1214?
1205
Calculate the remainder when 440382 is divided by 5069.
4448
What is the remainder when 11421 is divided by 574?
515
Calculate the remainder when 130733198 is divided by 4354.
4348
What is the remainder when 5314231 is divided by 1771311?
298
Calculate the remainder when 7428265 is divided by 145652.
13
What is the remainder when 237897430 is divided by 260?
30
What is the remainder when 675904 is divided by 2458?
2412
Calculate the remainder when 1978751 is divided by 50737.
8
Calculate the remainder when 3285470 is divided by 1637.
11
Calculate the remainder when 1203655 is divided by 41.
18
What is the remainder when 430049398 is divided by 2300?
2298
Calculate the remainder when 1041845 is divided by 11201.
152
What is the remainder when 139677 is divided by 8208?
141
What is the remainder when 215365761 is divided by 5210?
5201
Calculate the remainder when 522649 is divided by 9011.
11
What is the remainder when 209642147 is divided by 333?
332
Calculate the remainder when 8880370 is divided by 3647.
3572
Calculate the remainder when 14835 is divided by 45.
30
Calculate the remainder when 17213591 is divided by 307.
101
What is the remainder when 705532 is divided by 4169?
971
What is the remainder when 133302539 is divided by 490?
489
What is the remainder when 675782 is divided by 20?
2
What is the remainder when 10564959 is divided by 319?
317
Calculate the remainder when 87160861 is divided by 247.
242
What is the remainder when 395773 is divided by 963?
943
What is the remainder when 48244479 is divided by 3?
0
Calculate the remainder when 16598942 is divided by 216.
206
What is the remainder when 374988 is divided by 374691?
297
What is the remainder when 102479 is divided by 726?
113
What is the remainder when 5309992 is divided by 3637?
3609
What is the remainder when 27095036 is divided by 1024?
1020
What is the remainder when 1474640 is divided by 96?
80
What is the remainder when 8389723 is divided by 645363?
4
What is the remainder when 1530882 is divided by 484?
474
Calculate the remainder when 164938 is divided by 17.
4
Calculate the remainder when 666208 is divided by 133.
11
Calculate the remainder when 58265 is divided by 717.
188
Calculate the remainder when 125529 is divided by 9283.
4850
Calculate the remainder when 94411 is divided by 188.
35
What is the remainder when 10489484 is divided by 1534?
1526
What is the remainder when 347511 is divided by 2416?
2023
Calculate the remainder when 421235 is divided by 46778.
233
What is the remainder when 1833526 is divided by 26?
6
Calculate the remainder when 1554853 is divided by 518280.
13
Calculate the remainder when 1853797 is divided by 617617.
946
What is the remainder when 56261 is divided by 473?
447
Calculate the remainder when 3866749 is divided by 404.
65
What is the remainder when 1472298 is divided by 20?
18
What is the remainder when 2462387 is divided by 1231035?
317
What is the remainder when 701605 is divided by 1339?
1308
Calculate the remainder when 137125 is divided by 2542.
2399
Calculate the remainder when 37344072 is divided by 18.
12
Calculate the remainder when 17556309 is divided by 145.
144
What is the remainder when 14892241 is divided by 7446119?
3
Calculate the remainder when 58532316 is divided by 1120.
1116
What is the remainder when 1758389 is divided by 1279?
1043
Calculate the remainder when 129122 is divided by 5642.
4998
What is the remainder when 31570784 is divided by 3937?
3918
What is the remainder when 3731516 is divided by 742?
740
What is the remainder when 545772 is divided by 6273?
21
What is the remainder when 944072 is divided by 21456?
8
Calculate the remainder when 2237597 is divided by 4771.
4769
What is the remainder when 369844 is divided by 184914?
16
Calculate the remainder when 113471570 is divided by 59.
56
Calculate the remainder when 28756488 is divided by 3594559.
16
Calculate the remainder when 482542 is divided by 1082.
1052
What is the remainder when 1306954 is divided by 1306946?
8
Calculate the remainder when 14862 is divided by 498.
420
Calculate the remainder when 3734530 is divided by 138.
112
Calculate the remainder when 226099045 is divided by 952.
949
Calculate the remainder when 1066918 is divided by 106639.